{"id":285,"date":"2021-03-09T18:53:35","date_gmt":"2021-03-09T18:53:35","guid":{"rendered":"https:\/\/jsempere.webs.upv.es\/?page_id=285"},"modified":"2025-12-15T08:08:41","modified_gmt":"2025-12-15T08:08:41","slug":"invited-talks","status":"publish","type":"page","link":"https:\/\/jsempere.webs.upv.es\/index.php\/invited-talks\/","title":{"rendered":"Talks and multimedia"},"content":{"rendered":"\n<p><strong><span style=\"background-color:rgba(0, 0, 0, 0);color:#d02701\" class=\"has-inline-color\">Invited talks at international conferences<\/span><\/strong><\/p>\n\n\n\n<ul class=\"wp-block-list\">\n<li>&#8220;<em>Computational Limits of Artificial Intelligence and Artificial Life<\/em>&#8220;.<mark style=\"background-color:rgba(0, 0, 0, 0)\" class=\"has-inline-color has-blue-color\">XVI International Ontology Congress.<\/mark> October 7-11, 2025, San Sebasti\u00e1n (Spain) and Saint Jean de Luz (France).<\/li>\n\n\n\n<li>&#8220;<em>Computing by Plasmids<\/em>&#8220;. <a href=\"https:\/\/www.isaiim.com\/ICMC2025\">The International Conference on Membrane Computing 2025.<\/a> September 19-21, 2025, Chengdu, China.<\/li>\n\n\n\n<li class=\"wp-block-list\">&#8220;<em>On the application of Watson-Crick finite automata for the resolution of bioinformatic problems<\/em>&#8221; <mark style=\"background-color:rgba(0, 0, 0, 0)\" class=\"has-inline-color has-blue-color\">10th International Workshop on Non-Classical Models of Automata and Applications (NCMA 2018)<\/mark> August 21-22, 2018, Ko\u0161ice, Slovakia.<\/li>\n\n\n\n<li>&#8220;<em>Networks of genetic processors: From universality to a formal language characterization<\/em>&#8221; <a href=\"https:\/\/cgi.cse.unsw.edu.au\/~eptcs\/content.cgi?AFL2017\" target=\"_blank\" rel=\"noreferrer noopener\">15th International Conference on Automata and Formal Languages (AFL 2017)<\/a> September 4-6, 2017, Debrecen, Hungary.<\/li>\n<\/ul>\n\n\n\n<p><strong><span style=\"background-color:rgba(0, 0, 0, 0);color:#d02701\" class=\"has-inline-color\">Multimedia<\/span><\/strong><\/p>\n\n\n\n<ul class=\"wp-block-list\">\n<li>&#8220;De la inform\u00e1tica a la biolog\u00eda&#8221;. <a href=\"https:\/\/open.spotify.com\/episode\/5pQYP095OEbkdH3gf9FYtP\">Spotify Medicina Digital SEMI (podcast). Temporada 2. Cap\u00edtulo 5<\/a><\/li>\n\n\n\n<li>&#8220;Computaci\u00f3n natural y sus aplicaciones a la biomedicina&#8221; <a href=\"https:\/\/www.youtube.com\/watch?v=zUv-BcyD84g\">V Encuentro UMI ValgrAI <\/a> January 14th, 2025<\/li>\n\n\n\n<li>&#8220;La IA en las artes esc\u00e9nicas y el sector audiovisual&#8221; <a href=\"https:\/\/www.youtube.com\/watch?v=jfzB_irCwl8\">Jornada Arts Est\u00e8cniques<\/a>. January 19th, 2024<\/li>\n\n\n\n<li>&#8220;<em>Computaci\u00f3n con membranas y gemelos digitales en ciencias de la vida<\/em>&#8221; <a href=\"https:\/\/www.youtube.com\/watch?v=g6HB7HBZHfk\">Jornada VRAIN en el Campus d&#8217;Alcoi<\/a> (from 1h:17&#8242; on). November 16th, 2023<\/li>\n\n\n\n<li>&#8220;<em>Mesa de debate: Inteligencia Artificial. Retos y oportunidades<\/em>&#8221; <a href=\"https:\/\/www.youtube.com\/watch?v=jaBZwoWduAc&amp;t=1s\">INNOTRANSFER<\/a>. November 7th, 2023<\/li>\n\n\n\n<li>&#8220;<em>Mesa redonda: Presente y futuro de la Inteligencia artificial<\/em>&#8221; <a href=\"https:\/\/www.youtube.com\/watch?v=ddHIeTPHOQI\">Asociaci\u00f3n <em>Quart es ciencia<\/em><\/a>. November 5th, 2023<\/li>\n\n\n\n<li>&#8220;<em>Modelando biosistemas mediante computaci\u00f3n con membranas<\/em>&#8221; <a href=\"https:\/\/www.youtube.com\/watch?v=ZaS5gdf7kZU&amp;list=PLyWR59JPPNmQG6EqRNjzW145bAx3zHSBs&amp;index=9\">Sociedad Espa\u00f1ola de Bioinform\u00e1tica y Biolog\u00eda Computacional<\/a>. October 2nd, 2023.<\/li>\n<\/ul>\n","protected":false},"excerpt":{"rendered":"<p>Invited talks at international conferences Multimedia<\/p>\n","protected":false},"author":1,"featured_media":0,"parent":0,"menu_order":0,"comment_status":"closed","ping_status":"closed","template":"","meta":{"footnotes":""},"class_list":["post-285","page","type-page","status-publish","hentry"],"_links":{"self":[{"href":"https:\/\/jsempere.webs.upv.es\/index.php\/wp-json\/wp\/v2\/pages\/285","targetHints":{"allow":["GET"]}}],"collection":[{"href":"https:\/\/jsempere.webs.upv.es\/index.php\/wp-json\/wp\/v2\/pages"}],"about":[{"href":"https:\/\/jsempere.webs.upv.es\/index.php\/wp-json\/wp\/v2\/types\/page"}],"author":[{"embeddable":true,"href":"https:\/\/jsempere.webs.upv.es\/index.php\/wp-json\/wp\/v2\/users\/1"}],"replies":[{"embeddable":true,"href":"https:\/\/jsempere.webs.upv.es\/index.php\/wp-json\/wp\/v2\/comments?post=285"}],"version-history":[{"count":27,"href":"https:\/\/jsempere.webs.upv.es\/index.php\/wp-json\/wp\/v2\/pages\/285\/revisions"}],"predecessor-version":[{"id":962,"href":"https:\/\/jsempere.webs.upv.es\/index.php\/wp-json\/wp\/v2\/pages\/285\/revisions\/962"}],"wp:attachment":[{"href":"https:\/\/jsempere.webs.upv.es\/index.php\/wp-json\/wp\/v2\/media?parent=285"}],"curies":[{"name":"wp","href":"https:\/\/api.w.org\/{rel}","templated":true}]}}