{"id":777,"date":"2022-10-31T11:05:21","date_gmt":"2022-10-31T11:05:21","guid":{"rendered":"https:\/\/jsempere.webs.upv.es\/?page_id=777"},"modified":"2023-10-23T07:18:43","modified_gmt":"2023-10-23T07:18:43","slug":"theses","status":"publish","type":"page","link":"https:\/\/jsempere.webs.upv.es\/index.php\/theses\/","title":{"rendered":"Theses"},"content":{"rendered":"\n<p>I have supervised the following Doctoral  Theses<\/p>\n\n\n\n<ul class=\"wp-block-list\">\n<li>Distributed Cryptographic Protocols (<a href=\"https:\/\/riunet.upv.es\/handle\/10251\/198106\">view thesis<\/a>)\n<ul class=\"wp-block-list\">\n<li>Year:2023<\/li>\n\n\n\n<li>Author: Antonio Larriba<\/li>\n\n\n\n<li>Supervisors: Dr. Dami\u00e1n L\u00f3pez, Dr. Jos\u00e9 M. Sempere<\/li>\n<\/ul>\n<\/li>\n<\/ul>\n\n\n<\/ul>\n\n\n<ul class=\"wp-block-list\">\n<li>Redes de Procesadores Gen\u00e9ticos (<a href=\"https:\/\/riunet.upv.es\/handle\/10251\/61452\">view thesis<\/a>)\n<ul class=\"wp-block-list\">\n<li>Year: 2016<\/li>\n\n\n\n<li>Author: Marcelino Campos.<\/li>\n\n\n\n<li>Supervisors: Dr. Jos\u00e9 M. Sempere, Dr. Dami\u00e1n L\u00f3pez<\/li>\n<\/ul>\n<\/li>\n<\/ul>\n\n\n\n<ul class=\"wp-block-list\">\n<li>Inferencia de Lenguajes de \u00c1rboles.\n<ul class=\"wp-block-list\">\n<li>Year: 2003<\/li>\n\n\n\n<li>Author:  Dami\u00e1n L\u00f3pez<\/li>\n\n\n\n<li>Supervisors: Dr. Jos\u00e9 M. Sempere, Dr. Pedro Garc\u00eda<\/li>\n<\/ul>\n<\/li>\n<\/ul>\n\n\n\n<p>I have supervised the following Master&#8217;s Thesis<\/p>\n\n\n\n<ul class=\"wp-block-list\">\n<li>Sistemas P por impulsos neuronales multicanal: Formulaci\u00f3n de una variante del modelo y aplicaci\u00f3n a la codificaci\u00f3n multidimensional\n<ul class=\"wp-block-list\">\n<li>Year: 2023<\/li>\n\n\n\n<li>Author: Rodrigo Llanes Lacomba<\/li>\n\n\n\n<li>Supervisor: Dr. Jos\u00e9 M. Sempere<\/li>\n<\/ul>\n<\/li>\n<\/ul>\n\n\n\n<ul class=\"wp-block-list\">\n<li>An\u00e1lisis, dise\u00f1o e implementaci\u00f3n de clasificadores gen\u00f3micos para la detecci\u00f3n de distrofias hereditarias de la retina mediante t\u00e9cnicas de machine learning\n<ul class=\"wp-block-list\">\n<li>Year: 2022<\/li>\n\n\n\n<li>Author: Andrea Va\u00f1o<\/li>\n\n\n\n<li>Supervisor: Dr. Jos\u00e9 M. Sempere<\/li>\n<\/ul>\n<\/li>\n<\/ul>\n\n\n\n<ul class=\"wp-block-list\">\n<li>Aut\u00f3matas de Watson-Crick: Inferencia de modelos y caracterizaci\u00f3n de lenguajes sensibles al contexto\n<ul class=\"wp-block-list\">\n<li>Year: 2017<\/li>\n\n\n\n<li>Author: Vladyslav Lyeuta<\/li>\n\n\n\n<li>Supervisor: Dr. Jos\u00e9 M. Sempere<\/li>\n<\/ul>\n<\/li>\n<\/ul>\n\n\n\n<ul class=\"wp-block-list\">\n<li>Predicci\u00f3n de estructuras bioqu\u00edmicas mediante aut\u00f3matas finitos biomoleculares\n<ul class=\"wp-block-list\">\n<li>Year: 2016<\/li>\n\n\n\n<li>Author: Mar\u00eda Sambl\u00e1s  <\/li>\n\n\n\n<li>Supervisor: Dr. Jos\u00e9 M. Sempere<\/li>\n<\/ul>\n<\/li>\n<\/ul>\n","protected":false},"excerpt":{"rendered":"<p>I have supervised the following Doctoral Theses I have supervised the following Master&#8217;s Thesis<\/p>\n","protected":false},"author":1,"featured_media":0,"parent":0,"menu_order":0,"comment_status":"closed","ping_status":"closed","template":"","meta":{"footnotes":""},"class_list":["post-777","page","type-page","status-publish","hentry"],"_links":{"self":[{"href":"https:\/\/jsempere.webs.upv.es\/index.php\/wp-json\/wp\/v2\/pages\/777","targetHints":{"allow":["GET"]}}],"collection":[{"href":"https:\/\/jsempere.webs.upv.es\/index.php\/wp-json\/wp\/v2\/pages"}],"about":[{"href":"https:\/\/jsempere.webs.upv.es\/index.php\/wp-json\/wp\/v2\/types\/page"}],"author":[{"embeddable":true,"href":"https:\/\/jsempere.webs.upv.es\/index.php\/wp-json\/wp\/v2\/users\/1"}],"replies":[{"embeddable":true,"href":"https:\/\/jsempere.webs.upv.es\/index.php\/wp-json\/wp\/v2\/comments?post=777"}],"version-history":[{"count":11,"href":"https:\/\/jsempere.webs.upv.es\/index.php\/wp-json\/wp\/v2\/pages\/777\/revisions"}],"predecessor-version":[{"id":849,"href":"https:\/\/jsempere.webs.upv.es\/index.php\/wp-json\/wp\/v2\/pages\/777\/revisions\/849"}],"wp:attachment":[{"href":"https:\/\/jsempere.webs.upv.es\/index.php\/wp-json\/wp\/v2\/media?parent=777"}],"curies":[{"name":"wp","href":"https:\/\/api.w.org\/{rel}","templated":true}]}}